 1/6*k**4 + 0*k + 0 + 2/3*k**3 - 1/15*k**5. Determine l(b).
9
Let v(j) be the second derivative of -j**7/840 - j**6/120 - j**5/60 - j**4/12 + 5*j**3/6 + 2*j. Let k(l) be the second derivative of v(l). What is k(-3)?
4
Let q(i) = -2*i - 3*i + 3*i + 3. Let k = 3 + 4. Let s = k + -3. Calculate q(s).
-5
Let g(n) be the second derivative of -2*n**3/3 - n**2/2 - 2*n. Let v = 27 - 29. What is g(v)?
7
Let z(j) = -3*j - 1. Let o be (1*(2 + -2))/2. Suppose i + 3 - 4 = o. Let w = 1 + i. What is z(w)?
-7
Let t = 86 - 90. Let q(s) = -s**3 - 3*s**2 + s - 3. Give q(t).
9
Let f = -6 + 8. Let w(u) = -2*u + 4 - u**3 - f*u**2 - 2*u - 6 + 2*u. What is w(-2)?
2
Let r(x) = -2*x**2 - 10*x - 7. Let s(u) = u**2 + 5*u + 3. Let c(z) = 6*r(z) + 13*s(z). What is c(-5)?
-3
Let q(t) = -t + 2. Suppose 0 = 5*g - 15 - 30. Let c = g - 14. Determine q(c).
7
Let m(l) be the first derivative of 2*l**2 - 2*l + 2. Let i be (9/(-12)*-4)/(4 - 5). What is m(i)?
-14
Let p(w) be the first derivative of -4*w**3/3 + w**2 + w + 1. Let x(k) = 2*k + 1. Let m be x(-1). Determine p(m).
-5
Let d(b) = 4*b**2 + 1. Suppose 13 = 4*v - 0*u - 5*u, u = 2*v - 5. Let s(i) = 3*i. Let k(o) = 16*o. Let a(f) = v*k(f) - 11*s(f). Let n be a(1). Calculate d(n).
5
Let k(h) = -h**3 - 3*h**2 + 2*h - 1. Suppose s + 4 = -4*d, -1 = -2*s - 3*d + 1. Suppose w = -3*w + s. Suppose w = t + 4. Calculate k(t).
-7
Let v(k) = 22*k**3 - 4*k - k**2 - k**2 + 3*k - 10*k**3. What is v(-1)?
-13
Let c(b) be the first derivative of 4*b**3/3 - b**2/2 + b + 2. Determine c(1).
4
Let s be 7/3*-1*-3. Let a = 13 - s. Let p(g) = -5*g + 0 + 4*g - a. What is p(-5)?
-1
Let u(c) = c**3 - 2*c**2 - 2*c + 2. Suppose -3*r + 4*r - 7 = 0. Suppose 0 = 3*t + 1 - r. Suppose -6 = -t*j - 0*j. Calculate u(j).
5
Let j(a) = -a**3 - 10*a**2 - 2. Suppose 10 = -7*h - 60. Calculate j(h).
-2
Suppose 5*d - 2*f = -22, 0*f + 8 = -4*d + 4*f. Let m(i) = 8*i**2 - 8 - 2*i**2 + i**3 - 2*i + 0*i**2. What is m(d)?
4
Let r(t) = -10*t**2 - 7*t - 13. Let l be (1/(-1))/((-1)/11). Let a(n) = 5*n**2 + 4*n + 7. Let s(g) = l*a(g) + 6*r(g). What is s(1)?
-4
Let d(i) = -i**3 - 4*i**2 + 4*i - 3. Let p = -40 - -35. Give d(p).
2
Let t(z) = -z + 4. Let w(s) = 2*s - 8. Let m(g) = -5*t(g) - 2*w(g). Suppose -9 = -5*q + 21. Let y be 0/(6/(-3 + q)). Calculate m(y).
-4
Let r(o) = -9*o - 3. Let x(p) = -p**3 + 4*p**2 + 3*p + 8. Let f be x(5). What is r(f)?
15
Let y(q) be the third derivative of q**7/5040 - q**6/720 + 7*q**5/60 - 4*q**2. Let g(m) be the third derivative of y(m). What is g(1)?
0
Let c be (-12)/18 - 20/6. Let t(r) be the third derivative of r**6/120 + r**5/15 - r**4/24 + r**3/6 + 3*r**2. Determine t(c).
5
Let n(g) = g**3 - g**2 - 2. Let u(b) = -b - 1. Let v(r) = r**2 + 10*r + 11. Let m(a) = -4*u(a) - v(a). Let d be m(-3). Give n(d).
2
Let o be 3*(-2)/3 + 8. Let s(z) = z - z - o*z - 1 + 4*z. Give s(2).
-5
Let f be (4 + -3)/(1/3). Suppose -f*o - 12 = -6*o. Let r(z) = -z**2 + 3*z + 1. Calculate r(o).
-3
Let i(j) = 5 - 30*j**3 - j + 8*j - 5*j**2 + 29*j**3 + 2*j. Calculate i(-6).
-13
Let n(b) be the first derivative of b**4/4 - b**3 - 2*b**2 + 3*b - 6. Suppose 4*j + 5*m + 11 = 52, -13 = 3*j - 5*m. Calculate n(j).
3
Let z be (-37)/7 - 4/(-14). Let q(u) be the third derivative of -u**4/24 + u**3/6 + 11*u**2. What is q(z)?
6
Let p(h) = -h**3 - 4*h**2 + 6*h + 4. Let m(b) = 3*b**2 + 21*b - 4. Let v be m(-7). Determine p(v).
-20
Let y(h) = -h**2 + 9. Let a(v) = 5. Let b(k) = -5*a(k) + 3*y(k). Let t(c) = c**2 - c. Let m(q) = b(q) + 4*t(q). Suppose -2*u - u + 9 = 0. Give m(u).
-1
Let v(b) = -2*b - 6. Suppose -7*q = -8*q - 6. Determine v(q).
6
Suppose -3*f + 8 = 2. Suppose 0 = f*n - 6*n + 16. Let x(g) = g**3 - 3*g**2 - 5*g + 2. Give x(n).
-2
Suppose -9 = 3*u - 6*u. Let v(r) be the first derivative of 2*r**3/3 - 2*r**2 - r + 1. What is v(u)?
5
Let u be (0 - 1)/((-6)/6). Suppose 4*v = -4*h + h + 15, -10 = -2*h - 5*v. Let b(n) = -3*n**2 + 5*n**2 + h*n**2. Determine b(u).
7
Let b(p) = 2*p - 3. Let w(m) = m**2 - 13*m - 10. Let l be w(14). Determine b(l).
5
Let m(f) = 0*f**3 - 82 + 78 - 3*f**3 + 2*f**3. Calculate m(0).
-4
Let n = 83 - 76. Let r(f) = -f + 13. What is r(n)?
6
Suppose 5*f = 8 + 2. Let t(w) = -5 - 2*w - 2 + f + 2. Suppose 0 = 4*x - 8*x - 12. Determine t(x).
3
Let p(t) be the third derivative of -t**6/30 - t**5/60 + t**3/6 - 31*t**2. Give p(1).
-4
Suppose 2*f = f - 3. Let d(o) = -3*o - 4. Determine d(f).
5
Let q(v) = -4*v - 2. Let j(i) = -i**2 - 8*i - 14. Let r be j(-6). Calculate q(r).
6
Let t(q) be the third derivative of q**6/120 - 2*q**5/15 + 7*q**4/24 - 2*q**3/3 - 23*q**2. Calculate t(7).
-4
Let a(m) = -m**2 - 4*m. Suppose 0 = 5*o - 4*o - 2. Suppose -5*g = 5*w + 15, 0 = 4*w + 7*g - o*g + 11. Determine a(w).
0
Let x(u) be the first derivative of -u - 5/2*u**2 + 1 - 1/12*u**4 - 1/6*u**3. Let s(y) be the first derivative of x(y). What is s(0)?
-5
Suppose 2*l - 3*b = 0, -5*l - 3*b = -4*b. Let n(w) = 4*w + 0*w + 4*w**2 + w**3 - w - 2 + l. Give n(-3).
-2
Let q(c) = -5*c**2 - 2*c - 5. Let f(i) = 4*i**2 + i + 4. Let v(g) = g**3 + 2. Let p be v(-2). Let a(m) = p*f(m) - 5*q(m). Let u = -18 - -15. Calculate a(u).
-2
Suppose 5*a = -4*o + 26, 2*a + 3*a + 3*o = 22. Let t(k) = k**3 - k**2 + 2*k + 1. What is t(a)?
9
Let a be 1/(-9)*-1 - (-30)/(-270). Let x(q) be the second derivative of 3*q + 3*q**2 + a - 1/2*q**3 - 1/20*q**5 - 1/2*q**4. Calculate x(-5).
-4
Let b = -4 - -2. Let w be ((-3)/1 - b) + -3. Let i(l) = 5*l**3 + 6*l**2 + 2*l + 1. Let f(c) = -c**3 - c**2 - c. Let x(y) = w*f(y) - i(y). Determine x(1).
-2
Let i(m) = m**2 - 4*m + 1. Suppose 2*c - c = 5. Determine i(c).
6
Let s(w) be the second derivative of 1/2*w**2 + 1/20*w**5 + w + w**3 + 1/2*w**4 + 0. Let m = -10 - -6. Give s(m).
9
Let h(v) be the second derivative of -v**4/12 - v**3/6 - v**2/2 + 3*v. Let q(a) = -a**3 - a**2 - 8*a - 3. Let m(r) = 4*h(r) - q(r). Calculate m(3).
11
Suppose -3 = -g + 1. Let m(x) be the first derivative of -x**3/6 + 3*x**2/2 - 4*x - 4. Let w(q) be the first derivative of m(q). Determine w(g).
-1
Let i(r) = 1 + 4*r**2 - 178*r + 178*r. Give i(1).
5
Let l(a) = a**3 + 6*a**2 + 3*a - 5. Suppose 3*m + c + 14 = 0, -3 = m - 0*m + 2*c. Determine l(m).
5
Let f(j) = -j - 3. Let t = 9 - 6. Let v be (-1)/(t*(-3)/(-54)). Give f(v).
3
Let i(n) = -5*n**3 + n**3 + 0*n**3. Suppose 0 = 4*q - 1 - 3. Give i(q).
-4
Let t(f) be the third derivative of f**5/60 + f**3/3 - f**2. Suppose c - g = -6, -3*c = -6*c + 2*g - 15. Let s = c + 1. What is t(s)?
6
Let b(m) = m**2 + 7*m + 7. Let s(p) = -p - 1. Let q(c) = -b(c) - 3*s(c). Let n be 2 + 1 - (-1 + 1). Suppose -2 - n = w. What is q(w)?
-9
Let c be 36/8*(-16)/(-6). Let l = c + -13. Let v(m) = -2*m. Give v(l).
2
Let b(v) = -v**3 - v**2. Let g(s) = 8*s**3 + 5*s**2 + 2*s - 1. Let y(r) = -5*b(r) - g(r). Calculate y(1).
-4
Let y(f) = -4*f**3 - 6*f - 9. Let t(a) = a**3 + a**2 + 1. Let k(s) = -5*t(s) - y(s). Calculate k(-6).
4
Let j = -51 + 32. Let z be j/(-4) - (-1)/4. Let g(f) = f - 6 - 4*f + z*f. Give g(5).
4
Let c = -1 - -1. Suppose c*n = n + 1. Let l(w) = -2*w**3 + 6*w**2 - 6*w + 4. Let y(x) = -x**3 + 5*x**2 - 5*x + 3. Let g(i) = -4*l(i) + 5*y(i). Calculate g(n).
-2
Let l(m) = -m**3 + 5*m**2 - 6*m + 5. Let w be 0/(-3*(-3)/9). Let r = 0 - w. Suppose -3*d + 4*u + 20 = r, -5 - 17 = -3*d + 5*u. What is l(d)?
-3
Suppose 20 = 5*b - 5. Suppose -b*w + 5*j = -2*w + 33, 5*w = -j - 27. Let f(h) = h**3 + 5*h**2 - 7*h - 9. Calculate f(w).
-3
Let m(n) = -7*n - 6*n + 15*n. What is m(3)?
6
Let i(r) = -7*r + 8. Let h(s) = 6*s - 7. Let g(l) = 4*h(l) + 3*i(l). What is g(3)?
5
Let h(d) = d**3 + 4*d**2 - 3*d + 1. Let c(f) = -f - 27. Let l be c(-29). Determine h(l).
19
Let d(z) = -z**2 - 5*z - 3. Let w be -10*(1 - (-4)/(-8)). Calculate d(w).
-3
Let a(j) = -j - 8. Let i(w) = -1. Let x(q) = -5*a(q) + 40*i(q). Let f = 3 - 4. What is x(f)?
-5
Let v(y) = 7*y**2 - 13*y - 1. Let d(k) = -3*k**2 + 6*k + 1. Let p(z) = -5*d(z) - 2*v(z). Let r = -4 + 4. Suppose o + r*o - 5 = 0. Determine p(o).
2
Let x(i) = -2*i**2 - 2*i. Let h be (-33)/12 + (-6)/(-8). Calculate x(h).
-4
Let j(h) = 2*h - 6. Let r be j(6). Let c(n) = -n**3 + 5*n**2 + 7*n - 1. Let b be c(r). Let s(l) = l**2 - 8*l - 2 + 0 + 9. What is s(b)?
-8
Let s(h) be the first derivative of 3*h**2/2 + 4*h + 4. Suppose 10 + 5 = -5*w. What is s(w)?
-5
Let s(n) = n + 6. Le